at is the hundred thousands digit of 109557?
1
What is the hundred thousands digit of 211674?
2
What is the ten thousands digit of 3895660?
9
What is the hundreds digit of 3741597?
5
What is the tens digit of 449580?
8
What is the units digit of 749439?
9
What is the thousands digit of 41547?
1
What is the hundreds digit of 945571?
5
What is the millions digit of 4098624?
4
What is the thousands digit of 244820?
4
What is the ten thousands digit of 85387?
8
What is the hundreds digit of 1586623?
6
What is the thousands digit of 9436301?
6
What is the tens digit of 1170785?
8
What is the ten thousands digit of 378504?
7
What is the thousands digit of 528569?
8
What is the hundred thousands digit of 5934168?
9
What is the units digit of 7543?
3
What is the units digit of 295573?
3
What is the millions digit of 6131608?
6
What is the ten thousands digit of 398871?
9
What is the thousands digit of 184882?
4
What is the ten thousands digit of 21204158?
0
What is the thousands digit of 109258?
9
What is the millions digit of 12523008?
2
What is the tens digit of 414688?
8
What is the tens digit of 1422064?
6
What is the ten thousands digit of 651157?
5
What is the hundreds digit of 1513965?
9
What is the tens digit of 263668?
6
What is the hundred thousands digit of 797562?
7
What is the ten thousands digit of 22317094?
1
What is the units digit of 1523984?
4
What is the millions digit of 4530179?
4
What is the hundred thousands digit of 283107?
2
What is the units digit of 34115?
5
What is the units digit of 170527?
7
What is the ten thousands digit of 3000317?
0
What is the ten thousands digit of 253607?
5
What is the millions digit of 8449485?
8
What is the ten millions digit of 24212890?
2
What is the hundred thousands digit of 3504493?
5
What is the hundreds digit of 155095?
0
What is the tens digit of 712640?
4
What is the tens digit of 155404?
0
What is the hundreds digit of 124396?
3
What is the hundred thousands digit of 186037?
1
What is the tens digit of 270532?
3
What is the thousands digit of 7399688?
9
What is the hundreds digit of 2899761?
7
What is the ten thousands digit of 1374466?
7
What is the tens digit of 131741?
4
What is the tens digit of 610697?
9
What is the thousands digit of 174719?
4
What is the units digit of 138049?
9
What is the ten thousands digit of 157512?
5
What is the thousands digit of 5848569?
8
What is the millions digit of 1268220?
1
What is the thousands digit of 1845371?
5
What is the ten thousands digit of 1528431?
2
What is the units digit of 1516576?
6
What is the tens digit of 1985572?
7
What is the millions digit of 5942041?
5
What is the ten thousands digit of 1143155?
4
What is the tens digit of 202623?
2
What is the hundred thousands digit of 1324002?
3
What is the thousands digit of 687297?
7
What is the ten millions digit of 30804233?
3
What is the units digit of 5992179?
9
What is the hundreds digit of 1271797?
7
What is the thousands digit of 1338294?
8
What is the hundreds digit of 1551631?
6
What is the hundred thousands digit of 259005?
2
What is the hundred thousands digit of 1592294?
5
What is the millions digit of 7650478?
7
What is the ten thousands digit of 374678?
7
What is the thousands digit of 1497035?
7
What is the units digit of 266086?
6
What is the hundreds digit of 858194?
1
What is the hundreds digit of 2818693?
6
What is the hundred thousands digit of 7696640?
6
What is the ten thousands digit of 641623?
4
What is the hundreds digit of 1713263?
2
What is the thousands digit of 1864648?
4
What is the thousands digit of 1177?
1
What is the tens digit of 536935?
3
What is the tens digit of 4402591?
9
What is the ten thousands digit of 17477415?
7
What is the units digit of 2695?
5
What is the tens digit of 420978?
7
What is the millions digit of 18223088?
8
What is the tens digit of 422541?
4
What is the hundreds digit of 4319879?
8
What is the thousands digit of 10430250?
0
What is the tens digit of 3589906?
0
What is the hundred thousands digit of 5395055?
3
What is the tens digit of 3558060?
6
What is the tens digit of 414571?
7
What is the units digit of 6327874?
4
What is the hundreds digit of 42580?
5
What is the thousands digit of 1450338?
0
What is the tens digit of 19574799?
9
What is the units digit of 46383?
3
What is the ten millions digit of 23292038?
2
What is the thousands digit of 1667668?
7
What is the hundred thousands digit of 182354?
1
What is the thousands digit of 7792816?
2
What is the tens digit of 7501182?
8
What is the tens digit of 1303909?
0
What is the thousands digit of 17525038?
5
What is the units digit of 6384984?
4
What is the millions digit of 1096249?
1
What is the units digit of 9471156?
6
What is the thousands digit of 9380677?
0
What is the ten thousands digit of 12664594?
6
What is the ten thousands digit of 13829?
1
What is the ten thousands digit of 580047?
8
What is the tens digit of 1191820?
2
What is the millions digit of 1602580?
1
What is the thousands digit of 265497?
5
What is the hundreds digit of 2429936?
9
What is the ten thousands digit of 45144?
4
What is the tens digit of 69161?
6
What is the ten thousands digit of 114608?
1
What is the hundreds digit of 109245?
2
What is the ten thousands digit of 89094?
8
What is the hundreds digit of 9101830?
8
What is the millions digit of 14225669?
4
What is the units digit of 3167180?
0
What is the ten thousands digit of 470784?
7
What is the hundreds digit of 309840?
8
What is the hundreds digit of 7502898?
8
What is the units digit of 185609?
9
What is the tens digit of 18078760?
6
What is the thousands digit of 8048046?
8
What is the millions digit of 9271837?
9
What is the hundreds digit of 16639228?
2
What is the thousands digit of 526590?
6
What is the thousands digit of 7620185?
0
What is the tens digit of 4806271?
7
What is the hundreds digit of 91201?
2
What is the units digit of 750984?
4
What is the units digit of 390287?
7
What is the hundreds digit of 4870029?
0
What is the thousands digit of 31700711?
0
What is the hundreds digit of 2206016?
0
What is the millions digit of 1012231?
1
What is the hundreds digit of 107870?
8
What is the tens digit of 297275?
7
What is the thousands digit of 178963?
8
What is the ten thousands digit of 230376?
3
What is the millions digit of 2226929?
2
What is the units digit of 77053?
3
What is the tens digit of 1930714?
1
What is the hundreds digit of 2845494?
4
What is the units digit of 4750467?
7
What is the units digit of 194369?
9
What is the ten thousands digit of 129554?
2
What is the hundreds digit of 1289805?
8
What is the ten thousands digit of 670602?
7
What is the units digit of 632614?
4
What is the tens digit of 7863?
6
What is the units digit of 68774?
4
What is the thousands digit of 255040?
5
What is the hundreds digit of 391294?
2
What is the ten thousands digit of 1976243?
7
What is the hundred thousands digit of 6324031?
3
What is the tens digit of 376564?
6
What is the units digit of 4013415?
5
What is the thousands digit of 9081985?
1
What is the hundreds digit of 235957?
9
What is the thousands digit of 477641?
7
What is the ten thousands digit of 137656?
3
What is the thousands digit of 10430440?
0
What is the hundreds digit of 835889?
8
What is the units digit of 1712269?
9
What is the units digit of 24565245?
5
What is the ten thousands digit of 5966114?
6
What is the thousands digit of 2805674?
5
What is the millions digit of 8318130?
8
What is the tens digit of 907575?
7
What is the tens digit of 91923?
2
What is the hundreds digit of 18657345?
3
What is the millions digit of 4104879?
4
What is the tens digit of 5882992?
9
What is the units digit of 2765219?
9
What is the thousands digit of 5156937?
6
What is the thousands digit of 5434749?
4
What is the units digit of 851951?
1
What is the units digit of 727565?
5
What is the hundreds digit of 2433294?
2
What is the hundreds digit of 135497?
4
What is the hundreds digit of 524583?
5
What is the units digit of 4559015?
5
What is the units digit of 115070?
0
What is the ten thousands digit of 4758609?
5
What is the tens digit of 231708?
0
What is the hundreds digit of 168235?
2
What is the ten thousands digit of 636528?
3
What is the tens digit of 103782?
8
W